 digit of 18272?
7
What is the thousands digit of 49599?
9
What is the hundreds digit of 1548?
5
What is the tens digit of 170?
7
What is the thousands digit of 2040?
2
What is the tens digit of 19012?
1
What is the ten thousands digit of 24310?
2
What is the tens digit of 1629?
2
What is the hundreds digit of 6558?
5
What is the hundreds digit of 6546?
5
What is the thousands digit of 21658?
1
What is the tens digit of 8869?
6
What is the hundreds digit of 88467?
4
What is the hundreds digit of 4977?
9
What is the tens digit of 123792?
9
What is the units digit of 358?
8
What is the units digit of 5562?
2
What is the thousands digit of 8053?
8
What is the units digit of 4301?
1
What is the units digit of 6290?
0
What is the tens digit of 1115?
1
What is the tens digit of 1380?
8
What is the units digit of 1542?
2
What is the hundreds digit of 4512?
5
What is the ten thousands digit of 47076?
4
What is the thousands digit of 6438?
6
What is the tens digit of 1363?
6
What is the units digit of 18070?
0
What is the hundreds digit of 996?
9
What is the units digit of 297?
7
What is the hundreds digit of 1000?
0
What is the units digit of 1477?
7
What is the hundreds digit of 201?
2
What is the units digit of 2527?
7
What is the hundreds digit of 2814?
8
What is the thousands digit of 14246?
4
What is the thousands digit of 21065?
1
What is the thousands digit of 1957?
1
What is the hundreds digit of 69913?
9
What is the units digit of 7104?
4
What is the tens digit of 12283?
8
What is the ten thousands digit of 28143?
2
What is the hundreds digit of 1121?
1
What is the hundreds digit of 208?
2
What is the thousands digit of 13902?
3
What is the tens digit of 4419?
1
What is the ten thousands digit of 125375?
2
What is the thousands digit of 7322?
7
What is the units digit of 6155?
5
What is the tens digit of 15769?
6
What is the hundreds digit of 10895?
8
What is the hundreds digit of 16349?
3
What is the thousands digit of 9281?
9
What is the tens digit of 93736?
3
What is the hundreds digit of 10237?
2
What is the hundreds digit of 178?
1
What is the tens digit of 7921?
2
What is the units digit of 20248?
8
What is the thousands digit of 3962?
3
What is the tens digit of 32114?
1
What is the tens digit of 23299?
9
What is the units digit of 20720?
0
What is the thousands digit of 2125?
2
What is the hundreds digit of 432?
4
What is the tens digit of 30003?
0
What is the hundreds digit of 532?
5
What is the tens digit of 9334?
3
What is the thousands digit of 13155?
3
What is the thousands digit of 24669?
4
What is the thousands digit of 1379?
1
What is the units digit of 262?
2
What is the tens digit of 5031?
3
What is the tens digit of 814?
1
What is the tens digit of 26609?
0
What is the units digit of 69?
9
What is the thousands digit of 6075?
6
What is the thousands digit of 5354?
5
What is the units digit of 21592?
2
What is the thousands digit of 54810?
4
What is the tens digit of 1589?
8
What is the thousands digit of 1725?
1
What is the hundreds digit of 21056?
0
What is the tens digit of 896?
9
What is the hundreds digit of 3013?
0
What is the thousands digit of 2341?
2
What is the hundreds digit of 1488?
4
What is the tens digit of 1681?
8
What is the units digit of 1272?
2
What is the tens digit of 735?
3
What is the units digit of 40968?
8
What is the thousands digit of 2810?
2
What is the hundreds digit of 625?
6
What is the units digit of 23819?
9
What is the tens digit of 905?
0
What is the hundreds digit of 4260?
2
What is the units digit of 57187?
7
What is the tens digit of 4156?
5
What is the thousands digit of 6686?
6
What is the hundreds digit of 24195?
1
What is the units digit of 1179?
9
What is the hundreds digit of 92526?
5
What is the units digit of 7564?
4
What is the tens digit of 10238?
3
What is the units digit of 28260?
0
What is the thousands digit of 5004?
5
What is the hundreds digit of 2000?
0
What is the units digit of 54586?
6
What is the tens digit of 566?
6
What is the units digit of 26008?
8
What is the units digit of 49379?
9
What is the tens digit of 27987?
8
What is the thousands digit of 1857?
1
What is the hundreds digit of 3355?
3
What is the units digit of 2551?
1
What is the hundreds digit of 5049?
0
What is the tens digit of 870?
7
What is the hundreds digit of 111441?
4
What is the ten thousands digit of 68437?
6
What is the units digit of 89721?
1
What is the hundreds digit of 1165?
1
What is the hundreds digit of 237?
2
What is the hundreds digit of 7862?
8
What is the hundreds digit of 1853?
8
What is the units digit of 8811?
1
What is the thousands digit of 25389?
5
What is the hundreds digit of 8490?
4
What is the ten thousands digit of 45047?
4
What is the hundreds digit of 796?
7
What is the hundreds digit of 2760?
7
What is the hundreds digit of 1407?
4
What is the units digit of 529?
9
What is the units digit of 19204?
4
What is the units digit of 44?
4
What is the thousands digit of 1329?
1
What is the hundreds digit of 4513?
5
What is the units digit of 2443?
3
What is the tens digit of 187?
8
What is the hundreds digit of 1118?
1
What is the hundreds digit of 2287?
2
What is the hundreds digit of 9265?
2
What is the thousands digit of 43075?
3
What is the units digit of 3011?
1
What is the hundreds digit of 1017?
0
What is the hundreds digit of 2283?
2
What is the ten thousands digit of 10770?
1
What is the tens digit of 4617?
1
What is the thousands digit of 3177?
3
What is the hundreds digit of 26296?
2
What is the thousands digit of 9573?
9
What is the hundreds digit of 49152?
1
What is the ten thousands digit of 11082?
1
What is the tens digit of 4678?
7
What is the hundreds digit of 2287?
2
What is the tens digit of 115773?
7
What is the hundreds digit of 45820?
8
What is the units digit of 21715?
5
What is the hundreds digit of 519?
5
What is the thousands digit of 40825?
0
What is the hundreds digit of 645?
6
What is the units digit of 844?
4
What is the hundreds digit of 850?
8
What is the units digit of 11901?
1
What is the hundreds digit of 20087?
0
What is the tens digit of 8807?
0
What is the units digit of 67843?
3
What is the tens digit of 1679?
7
What is the units digit of 48429?
9
What is the thousands digit of 1990?
1
What is the units digit of 3562?
2
What is the hundred thousands digit of 122097?
1
What is the thousands digit of 3555?
3
What is the ten thousands digit of 36293?
3
What is the tens digit of 4311?
1
What is the hundreds digit of 547?
5
What is the units digit of 564?
4
What is the hundreds digit of 305?
3
What is the tens digit of 463?
6
What is the hundreds digit of 15599?
5
What is the units digit of 881?
1
What is the hundreds digit of 1585?
5
What is the hundreds digit of 10934?
9
What is the tens digit of 3230?
3
What is the units digit of 3216?
6
What is the tens digit of 1593?
9
What is the units digit of 2145?
5
What is the units digit of 356?
6
What is the hundreds digit of 102?
1
What is the hundreds digit of 873?
8
What is the thousands digit of 1556?
1
What is the ten thousands digit of 97597?
9
What is the units digit of 5265?
5
What is the thousands digit of 24462?
4
What is the thousands digit of 1597?
1
What is the units digit of 26921?
1
What is the hundreds digit of 39226?
2
What is the thousands digit of 83133?
3
What is the units digit of 1084?
4
What is the tens digit of 4063?
6
What is the units digit of 182?
2
What is the hundreds digit of 20528?
5
What is the tens digit of 6050?
5
What is the units digit of 980?
0
What is the hundreds digit of 11741?
7
What is the units digit of 661?
1
What is the hundreds digit of 601?
6
What is the thousands digit of 80920?
0
What is the tens digit of 74?
7
What is the hundreds digit of 5411?
4
What is the tens digit of 526?
2
What is the thousands digit of 3461?
3
What is the hundreds digit of 465?
4
What is the ten thousands digit of 48468?
4
What is the tens digit of 3280?
8
What is the tens digit of 237?
3
What is the hundreds digit of 3754?
7
What is the hundreds digit of 1841?
8
What is the thousands digit of 6106?
6
What is the hundreds digit of 1056?
0
What is the ten thousands digit of 58496?
5
What is the units digit of 63430?
0
What is the hundreds digit of 18755?
7
What is th